 h(3)?
11, 13
Let d be 2*1*(-6)/(1 + 5). Let m(n) = -3*n**3 + n**2 + 2*n. What are the prime factors of m(d)?
2, 3
Let p(f) = -3*f**3 + 2*f**2 - 9*f - 2. List the prime factors of p(-5).
2, 3, 13
Let a = 8815 + 2189. What are the prime factors of a/(-56)*2/(-3)?
131
Let o(q) be the third derivative of q**5/60 - 7*q**3/6 + 5*q**2. Let p be o(-8). Suppose -3*l + p = -0*l. List the prime factors of l.
19
Let k = 3748 + -1545. What are the prime factors of k?
2203
Suppose -5*w + 1293 = -252. What are the prime factors of w?
3, 103
Let d = 184 - 124. List the prime factors of d.
2, 3, 5
List the prime factors of (-74)/(-1)*56/144*9.
7, 37
Suppose 5*m - m - 2102 = -3*v, 2812 = 4*v - 4*m. Suppose -9*n - 36 = -v. List the prime factors of n.
2, 37
Suppose -5*f - g - 513 + 3155 = 0, -3*f - 4*g = -1575. List the prime factors of f.
23
Suppose -3*f - s = -0*s - 1, 5*f - 3*s + 3 = 0. Suppose 0 = -5*l + 5*k + 385, -5*l + 8*l - k - 241 = f. List the prime factors of l.
2, 41
Suppose -3*x + 4*z = 0, -3*x + 0*z = z. What are the prime factors of 96 + 3 + (x - 1)?
2, 7
Let u = -7 + 15. Suppose 0 = 4*m - 8*m - u, -z + m = -117. List the prime factors of z.
5, 23
Let x = 3021 + -2111. List the prime factors of x.
2, 5, 7, 13
Suppose -4*w - 8 = -12. What are the prime factors of (4 - 5)*-22*w?
2, 11
Let m(p) = -p**3 - 3*p**2 - 2*p + 6. Let t be m(-3). List the prime factors of 82*(t/(-3))/(-4).
2, 41
Let z be 8/12*54/12. List the prime factors of (z/((-15)/4))/(6/(-1335)).
2, 89
Suppose 0 = -3*t + t + 540. Suppose -10*o = -15*o + t. List the prime factors of o.
2, 3
Let a(c) = c + 58. Let q be -4 - 20/15*-3. What are the prime factors of a(q)?
2, 29
Let l = 374 - -945. List the prime factors of l.
1319
Suppose 9 + 23 = 4*k. Suppose 0 = -4*r - 0*r + k. Suppose 4*y = -4*i, i = r*y - y - 8. List the prime factors of y.
2
Let h be (-3694)/(-12) + 21/126. Suppose -9*s = -7*s - h. What are the prime factors of s?
2, 7, 11
Let m be (-11)/33*(-67 + 1). Let w = m - 20. Suppose 4*n - 86 = w*n. What are the prime factors of n?
43
Let k(v) = -19*v + 70. List the prime factors of k(-5).
3, 5, 11
What are the prime factors of (183/18)/(7/14)*51?
17, 61
Let b(s) = 14*s**2 - 6*s + 3. Let u be (-1 - 5)*5/(-10). What are the prime factors of b(u)?
3, 37
What are the prime factors of (0/3 - -3712) + 30 + -29?
47, 79
Let l be 1806/78 + 2/(-13). Suppose -l*d + 22*d = -62. What are the prime factors of d?
2, 31
Let j(t) = 27*t**2 + 2*t + 6. Let s(q) = 53*q**2 + 4*q + 11. Let b(d) = -5*j(d) + 3*s(d). List the prime factors of b(-3).
3, 71
Let w = -1080 - -2803. List the prime factors of w.
1723
Suppose 0 = -7*x + 6*x - 3*q + 411, 5*x - 2123 = 2*q. Let f = x - 211. List the prime factors of f.
2, 53
Suppose 0 = -5*u + y + 34, 0*u + 2*u + 3*y = 0. Suppose u = -w + 2*b, -w - b + 9 = 2*b. Suppose w*h = 5*h - 20. What are the prime factors of h?
2
Let a = 16 + -23. Let z = 11 - a. What are the prime factors of z?
2, 3
Let y = 26 - 11. Suppose 6*l - l = y. Suppose 0 = -l*u + 8 + 16. List the prime factors of u.
2
Let h = 2747 - -2432. List the prime factors of h.
5179
What are the prime factors of -5 - (-646 + 8 + -2)?
5, 127
Suppose -25732 = -59*q + 45*q. List the prime factors of q.
2, 919
Let n(b) = 3*b**3 + 4*b**2 - 4*b + 2. Let j be n(2). Let t = j - 32. List the prime factors of 43 + t/1 + 0.
3, 5
Let j(q) = -8*q - 26*q - 9 + 12 - 12. List the prime factors of j(-3).
3, 31
Let f(b) = 6*b + 5*b - 14*b - 2 - 5. List the prime factors of f(-4).
5
Let c be (-2)/(-1) + (59 - -2). Suppose d + 3*p - 76 = 0, 0 = 2*d + 4*p - c - 81. List the prime factors of d.
2
Let q be (-1 + 0)*(-6)/6. Let k(u) = 45*u**2 - u + 1. Let v be k(q). Let m = v + -24. List the prime factors of m.
3, 7
Let w = 79 - 77. Suppose -w*f - 2*j = -28, 0 = -2*j - 0*j. List the prime factors of f.
2, 7
Let i(n) = -19*n**2 + 230*n - 14. What are the prime factors of i(6)?
2, 11, 31
Let p(q) = -q - 2. Let m be p(-7). Suppose 0*x = u + 4*x, 0 = -m*u + 2*x. Suppose u = 5*h - 145 - 40. What are the prime factors of h?
37
Suppose 5*q - 411 = 9. What are the prime factors of q?
2, 3, 7
Let v(b) = -b**2 - 9*b + 4. Let p be v(-5). List the prime factors of 9/15 + 41*p/10.
3, 11
Let r = 204 - -291. Suppose -7*y + r = -2*y. Suppose 4*l - 68 = -2*x, -5*x + 3*l + 45 = -y. What are the prime factors of x?
2, 3, 5
Suppose -2*j = 5*s + j - 21, -2*j = -4*s + 30. Suppose 0 = 2*t - s*t + 36. Let n = t + -5. List the prime factors of n.
2
Let q = 876 + -524. What are the prime factors of q?
2, 11
Let y be (88/(-10))/((-5)/(-50)*-2). Suppose -y = 6*d - 674. What are the prime factors of d?
3, 5, 7
Let s be -66*3*(-2)/(15 + 3). Let b = s + 77. List the prime factors of b.
3, 11
Let h(p) = -p**2 + 13*p - 9. Let d be h(7). Let g(l) = -4*l + 4. Let j be g(2). Let q = d + j. List the prime factors of q.
29
Suppose -5*j - b = 26, -b = 2*j - 0 + 11. What are the prime factors of j*(-1*3 + 6/(-2))?
2, 3, 5
Let d be 585/10 + (-2)/(-4). Suppose 3*g - d - 28 = 0. Let o = g + 3. List the prime factors of o.
2
Suppose 11 - 8 = -x. What are the prime factors of x + (154/10 - (-2)/(-5))?
2, 3
Suppose -2*w + 3*p + 6 = 0, -3*w + 5*p = p - 7. Let c be w + 3*(-8)/(-3). Suppose 4*o - 104 = c*a, 4*o + a = -0*a + 128. What are the prime factors of o?
31
Let r = -8 - -1. Let q be ((-16)/28)/(1/r). Suppose 2*w = 6, -4*a + q*w + 16 = 4. List the prime factors of a.
2, 3
Suppose 61*n + 26388 = 94708. List the prime factors of n.
2, 5, 7
Let q = 1 - -15. Suppose q = -4*i, -5*j - 3*i = -17 - 41. Let x = j - 4. What are the prime factors of x?
2, 5
Suppose -2*q - 280 = -4*q. List the prime factors of q.
2, 5, 7
Let p = -298 - -570. Suppose -5*l + 3*u + 97 = -p, 3*l - 235 = -5*u. List the prime factors of l.
3, 5
Let l(s) = s**3 + 3*s**2 - 6*s - 5. Let d be l(-4). What are the prime factors of (1 - 5 - -73) + d?
2, 3
List the prime factors of ((-8)/(-36))/((-9)/(-193833)).
2, 2393
Suppose 0 = -6*a + 3250 - 130. List the prime factors of a.
2, 5, 13
Let k be -2*4/(-64)*2*8. Let d(i) = -i**2 - 5*i - 1. Let c be d(-2). Suppose k*t - 81 = 5*l, 0 = 2*t + c*l - 13 - 18. List the prime factors of t.
2, 7
Let y(b) = -b**3 - 15*b**2 - 23*b + 53. List the prime factors of y(-20).
7, 359
What are the prime factors of 5960/56 - 9/21?
2, 53
Let y be 0/1 - -195 - -1. Let f(x) = 10*x - 105. Let u be f(-3). Let v = u + y. What are the prime factors of v?
61
Let m = -3270 - -5373. List the prime factors of m.
3, 701
Let x(l) = 5*l**2 + 131*l + 13. What are the prime factors of x(-30)?
11, 53
List the prime factors of (-53160)/(-50) - 4/(-5).
2, 7, 19
Let o = -473 + 1287. What are the prime factors of o?
2, 11, 37
List the prime factors of (1631/14 - 2)/(2/4).
229
What are the prime factors of ((-495)/(-8 - -7))/((-1)/(-6))?
2, 3, 5, 11
Let h(v) = -v**2 - 14*v - 26. Let o be h(-11). List the prime factors of ((-20)/35)/((-2)/o).
2
Let v(s) = s**3 - 9*s**2 + 1. Let x be v(9). Suppose -r - 4*r + 170 = 0. Let k = r - x. What are the prime factors of k?
3, 11
What are the prime factors of (5581 + -27)*2/4?
2777
Let f(m) = -13*m**2 + 72*m - 32. Let w(c) = -3*c**2 + 18*c - 8. Let u(k) = -2*f(k) + 9*w(k). Suppose -3*n + 59 = 17. List the prime factors of u(n).
2, 3
Let a = 7 + 8. Let o(z) = 5*z**2 + 5*z + 2. Let x be o(-3). List the prime factors of x - (-2 + a/3).
29
Let o = 8 + -5. Let g be ((-7)/(-2) - o)*6. Suppose g*c - c - 70 = 0. List the prime factors of c.
5, 7
Let o = -114 - -23. Let m = 19 - o. List the prime factors of m.
2, 5, 11
Let t(v) = -v**2 + 39*v + 94. List the prime factors of t(22).
2, 3, 13
Suppose 12 = -3*j + 5*j. Suppose -j*z + 2*h + 69 = -3*z, -2*z + 5*h = -46. Suppose -4*l + z = 3. What are the prime factors of l?
5
Let r(w) = 154*w + 33. What are the prime factors of r(2)?
11, 31
Let j be -1*(-3 - (-2)/2). Suppose 3*h = -2*m - 32, 0 = m - j*h + 4*h + 18. List the prime factors of ((-8)/m)/2*5.
2
Let n(m) be the third derivative of -2*m**4/3 - 3*m**3/2 + 5*m**2. Let h be n(-4). Suppose 2*i - h + 17 = 0. What are the prime factors of i?
19
Let k(d) = d + 279. Let c be k(0). Let x = -163 + c. List the prime factors of x.
2, 29
What are the prime factors of (24/(-5))/((-9)/3630)?
2, 11
Let l(t) = -2*t + 5. Let r be l(3). Let g = -10 + r. What are the prime factors of 10 